ens digit of 1994978233?
3
What is the thousands digit of 2769562784?
2
What is the hundreds digit of 1572940771?
7
What is the tens digit of 201143453?
5
What is the units digit of 1274608413?
3
What is the hundred thousands digit of 1096389941?
3
What is the hundreds digit of 183252866?
8
What is the ten millions digit of 7415315393?
1
What is the ten millions digit of 69693297?
6
What is the units digit of 14312790?
0
What is the millions digit of 3915285?
3
What is the tens digit of 257923646?
4
What is the units digit of 148387591?
1
What is the tens digit of 966808036?
3
What is the ten thousands digit of 3779267751?
6
What is the millions digit of 1266286334?
6
What is the ten millions digit of 37135264?
3
What is the hundred thousands digit of 671083?
6
What is the hundreds digit of 7023839?
8
What is the units digit of 1729503268?
8
What is the hundreds digit of 14117212?
2
What is the hundred thousands digit of 45702815?
7
What is the hundreds digit of 116261196?
1
What is the thousands digit of 571731909?
1
What is the tens digit of 162039731?
3
What is the thousands digit of 8290085?
0
What is the ten millions digit of 2755692124?
5
What is the ten thousands digit of 2292646915?
4
What is the millions digit of 23982134?
3
What is the millions digit of 799356282?
9
What is the hundred thousands digit of 1038326752?
3
What is the ten thousands digit of 1051644530?
4
What is the hundreds digit of 27182693?
6
What is the ten millions digit of 74378549?
7
What is the hundred millions digit of 228703886?
2
What is the thousands digit of 736495042?
5
What is the hundreds digit of 301380521?
5
What is the ten millions digit of 295083331?
9
What is the thousands digit of 9280049439?
9
What is the millions digit of 1914730840?
4
What is the hundreds digit of 25956863?
8
What is the billions digit of 2991855578?
2
What is the tens digit of 646633169?
6
What is the ten thousands digit of 35968486?
6
What is the ten thousands digit of 626050117?
5
What is the ten thousands digit of 399830362?
3
What is the hundreds digit of 35300922?
9
What is the millions digit of 503559189?
3
What is the hundred thousands digit of 2092229112?
2
What is the thousands digit of 387972603?
2
What is the units digit of 61461677?
7
What is the ten thousands digit of 124947163?
4
What is the hundreds digit of 788724?
7
What is the ten millions digit of 165107839?
6
What is the hundred thousands digit of 18284108?
2
What is the hundreds digit of 148965835?
8
What is the tens digit of 52505235?
3
What is the hundred thousands digit of 491767954?
7
What is the tens digit of 520899660?
6
What is the units digit of 3023040394?
4
What is the hundred millions digit of 755092926?
7
What is the ten thousands digit of 13126253?
2
What is the tens digit of 319218134?
3
What is the units digit of 19360445?
5
What is the ten thousands digit of 211347182?
4
What is the hundred thousands digit of 1435885252?
8
What is the hundreds digit of 53082853?
8
What is the millions digit of 3947459?
3
What is the hundreds digit of 1783125?
1
What is the ten thousands digit of 202053906?
5
What is the hundreds digit of 112740466?
4
What is the tens digit of 457384819?
1
What is the hundred thousands digit of 16534477?
5
What is the ten millions digit of 21377532?
2
What is the hundreds digit of 4315369819?
8
What is the tens digit of 794996529?
2
What is the thousands digit of 1836536724?
6
What is the ten millions digit of 59658137?
5
What is the hundred millions digit of 219031299?
2
What is the hundred millions digit of 3773834999?
7
What is the hundreds digit of 8187987?
9
What is the units digit of 739720856?
6
What is the hundred thousands digit of 83184932?
1
What is the hundreds digit of 3867576096?
0
What is the ten millions digit of 4023439296?
2
What is the ten millions digit of 836359439?
3
What is the ten thousands digit of 104374557?
7
What is the millions digit of 1541200285?
1
What is the hundred thousands digit of 282024296?
0
What is the units digit of 22199952?
2
What is the thousands digit of 225082159?
2
What is the tens digit of 1791959926?
2
What is the millions digit of 200182877?
0
What is the tens digit of 107807294?
9
What is the hundred millions digit of 2727285620?
7
What is the millions digit of 37652801?
7
What is the tens digit of 56798976?
7
What is the hundred millions digit of 2188289591?
1
What is the ten millions digit of 22377310?
2
What is the hundreds digit of 46907355?
3
What is the hundred thousands digit of 380548495?
5
What is the hundreds digit of 202808742?
7
What is the ten thousands digit of 2214955687?
5
What is the hundreds digit of 393447618?
6
What is the hundred thousands digit of 9992421?
9
What is the hundred millions digit of 366175550?
3
What is the units digit of 8138291?
1
What is the hundreds digit of 130971167?
1
What is the hundred thousands digit of 630354727?
3
What is the hundred thousands digit of 465281065?
2
What is the units digit of 110019939?
9
What is the hundred millions digit of 633887209?
6
What is the hundred millions digit of 208522196?
2
What is the millions digit of 156942232?
6
What is the ten thousands digit of 138648726?
4
What is the ten millions digit of 3802734363?
0
What is the ten thousands digit of 33853658?
5
What is the hundred millions digit of 1068301746?
0
What is the tens digit of 1893280166?
6
What is the units digit of 43937498?
8
What is the tens digit of 917724166?
6
What is the units digit of 5815795181?
1
What is the tens digit of 2972613769?
6
What is the ten thousands digit of 341617277?
1
What is the units digit of 233970855?
5
What is the ten thousands digit of 1692995?
9
What is the thousands digit of 1557062256?
2
What is the hundred thousands digit of 80379427?
3
What is the ten thousands digit of 126091394?
9
What is the hundred thousands digit of 2284865849?
8
What is the ten millions digit of 331208058?
3
What is the hundred millions digit of 223773869?
2
What is the hundred thousands digit of 336309898?
3
What is the ten thousands digit of 57687846?
8
What is the hundred millions digit of 300403188?
3
What is the hundred thousands digit of 1628516402?
5
What is the units digit of 5180654971?
1
What is the hundred thousands digit of 275989398?
9
What is the hundred millions digit of 146110407?
1
What is the hundred millions digit of 809644938?
8
What is the tens digit of 1290227876?
7
What is the millions digit of 249672472?
9
What is the hundred thousands digit of 113383820?
3
What is the hundreds digit of 995132076?
0
What is the hundreds digit of 665699138?
1
What is the tens digit of 135646370?
7
What is the hundred millions digit of 3101486114?
1
What is the hundred thousands digit of 22997085?
9
What is the ten millions digit of 51646579?
5
What is the hundreds digit of 1145855598?
5
What is the ten millions digit of 1423882469?
2
What is the ten millions digit of 67244028?
6
What is the hundred thousands digit of 7996197001?
1
What is the millions digit of 1858191463?
8
What is the ten thousands digit of 1281300243?
0
What is the millions digit of 36898569?
6
What is the hundreds digit of 115192532?
5
What is the hundred millions digit of 3959673609?
9
What is the ten millions digit of 174240058?
7
What is the tens digit of 1747544299?
9
What is the units digit of 7265655529?
9
What is the hundreds digit of 72406003?
0
What is the units digit of 38410058?
8
What is the units digit of 59981432?
2
What is the billions digit of 1122306732?
1
What is the millions digit of 21671713?
1
What is the millions digit of 43493188?
3
What is the hundred thousands digit of 735436306?
4
What is the hundred thousands digit of 1251477845?
4
What is the hundreds digit of 3171308196?
1
What is the ten thousands digit of 52137091?
3
What is the hundreds digit of 646017429?
4
What is the tens digit of 83346642?
4
What is the hundreds digit of 34426857?
8
What is the hundred millions digit of 8185535820?
1
What is the thousands digit of 8304731970?
1
What is the tens digit of 69983145?
4
What is the tens digit of 2084359284?
8
What is the hundreds digit of 7708282?
2
What is the thousands digit of 188670341?
0
What is the hundred millions digit of 2944904898?
9
What is the ten thousands digit 